 3*t - 48 = -0*t. What is the hundreds digit of (f/(-4) + -4)/((-4)/(-2896))?
3
Let n(v) = 79*v**3 - 3*v**2 + 2. Suppose b + 9 - 18 = 0. Suppose 4*m = -2*k + b - 3, 3*k = 3*m. What is the tens digit of n(k)?
7
Suppose 6*w - 5*w - 8 = -o, -2*o + 24 = 4*w. Suppose r = j - 17 + 5, 0 = 5*j + o*r - 15. What is the units digit of j?
7
Suppose -a - 13 = -5*s, 3*s + 1 = a + 8. Suppose -5*g + 6988 = s*x, -3*g + x = -7*g + 5596. What is the units digit of g?
0
Suppose -118*g + 7524 = -112*g. What is the hundreds digit of g?
2
What is the hundreds digit of (10620/21)/(209/16093)?
9
Let k(a) = -2*a**3 + 23*a**2 + 23*a + 5. Suppose 74*s - 73*s - 11 = 0. What is the tens digit of k(s)?
7
Suppose 0 = 3*x + 3 + 9. Let w be x/16 + ((-53)/(-4) - 1). Suppose w*r = 4*r + 744. What is the units digit of r?
3
Suppose 0 = -3*n - 3*j - 12, -n - 3*j - 1 = 11. Suppose -2*i + i + 535 = n. What is the units digit of i?
5
Let c(a) be the second derivative of a**6/6 + a**5/120 + a**4/12 + a**3/2 - 2*a. Let q(t) be the second derivative of c(t). What is the tens digit of q(-1)?
6
Let v be 2*(-5 + 78/12). Suppose -m - v*l + 439 = -25, -5*m + 2*l = -2337. What is the units digit of m?
7
Suppose 31 = 2*h + w, h + w + 17 = 2*h. Suppose -h*x = -19*x - 4*v + 912, 2*v = 2*x - 594. What is the tens digit of x?
0
Suppose 0 = 358*k - 302*k - 199696. What is the thousands digit of k?
3
Let b be 5*1*(10/(-25) + -5). Let o(m) = -m**2 - 37*m + 55. What is the hundreds digit of o(b)?
3
Let x(y) = -2*y**3 - 24*y - 8*y**2 + 10*y - 27 + y**3 - 4*y**2. Let d be x(-11). Suppose -d*s + 228 = -3*s. What is the units digit of s?
6
Let h(d) = -26*d + 40. Let k be h(8). What is the tens digit of (-9417)/(-18) + -4*(-7)/k?
2
Suppose -3*q - 3*r - 220 = 2*r, -5*r - 10 = 0. Let t = 76 + q. Suppose t*z - 473 = 3*z - a, -a = -3*z + 463. What is the tens digit of z?
5
Let i(u) = -u**3 - 2*u + 16. Suppose 0*h + 2*r = -3*h, -4*h = -5*r. Let n be i(h). Suppose -n = 3*x - 46. What is the units digit of x?
0
Suppose -n + x - 6*x - 5 = 0, -9 = 3*x. Suppose n*t - 7*t = -960. Let g = -142 - t. What is the tens digit of g?
7
Suppose y = -2*h + 8382, -y + 5371 = -5*h + 26312. What is the hundreds digit of h?
1
Let j be (-86)/2 + 2 + (-21)/(-7). What is the hundreds digit of (j/(-95))/((-1688)/1690 - -1)?
3
Let a(z) be the first derivative of 15*z**2/2 + 7*z - 3. Suppose -21*s + 30 = -15*s. What is the units digit of a(s)?
2
What is the hundreds digit of -10923*(555/(-45) + 12)?
6
Suppose -15*j - 21*j + 46890 = 9*j. What is the units digit of j?
2
Let y(m) = 2*m**2 - 3*m + 29. Let c be y(-10). Let i = 478 - c. What is the units digit of i?
9
Let w(a) = -2*a - 5. Let n be w(-7). Let j(u) = 7*u - n*u + 30 + 5*u + 0*u. What is the units digit of j(0)?
0
Suppose 135 = 6*v + 3. What is the hundreds digit of 16105/50 - (v/20)/11?
3
Suppose 2*d + m = 4*m + 12587, 4*m = 5*d - 31450. What is the tens digit of d?
8
Let y(s) = -58*s - 9. Let i be (-3)/(0 - -1) + (-9 - -8). What is the tens digit of y(i)?
2
Suppose 232*h - 3558 = 238*h. Let g = h + 1195. What is the units digit of g?
2
Let p be (-1)/(-5)*(66 - 31). What is the tens digit of 1/p + (-6925)/(-35)?
9
Suppose 21*u = 447951 + 220815. What is the units digit of u?
6
Let f = -47 - -47. Suppose -5*s + 6122 - 892 = f. What is the units digit of s/14 + 12/42?
5
Let l be 1843/3 + 4/6. What is the hundreds digit of 14/((-210)/l)*-9*5?
8
Let s(g) = g**3 + 2*g - 13. Let p be s(3). Suppose 0 = p*x - 13*x - 2884. What is the units digit of x?
2
Suppose -12 = -96*z + 98*z, 3*l = -3*z + 37359. What is the units digit of l?
9
Suppose 5*a - 22059 = -5*k - 5929, -4*a = -2*k + 6422. What is the units digit of k?
1
Let d(q) = 5*q**3 + 292*q**2 + 97*q + 115. What is the hundreds digit of d(-55)?
2
Suppose -11*z + 740 = -z. Let u(f) = 78 + 3*f**2 - 6*f - 5*f**2 + f**2 - z. What is the units digit of u(-5)?
9
Let a be 5/((-140)/8) + (-15528)/(-56). Let t = a - -381. What is the units digit of t?
8
Let n(t) be the second derivative of -10/3*t**3 + 0 - 9*t + 27/2*t**2 - 1/12*t**4. What is the tens digit of n(-19)?
4
Suppose 5*m = 0, -9*m + 15*m - 8*m + 217952 = 4*u. What is the ten thousands digit of u?
5
Let v(h) = 362*h - 7838. What is the tens digit of v(26)?
7
What is the tens digit of 12*(-43506)/(-66) + (-4)/22?
1
Suppose 0 = 19*z + 53*z - 1038693 - 70395. What is the units digit of z?
4
Suppose 11543 = 17*l - 7582. Suppose 0 = -9*m + 4*m + l. What is the tens digit of m?
2
Suppose -4*m - 3*q + 5 = 0, q + 4*q = -4*m + 3. Let r(g) = 288*g + 28. What is the tens digit of r(m)?
0
Let p(h) = -71*h + 211. Let b be p(-30). Suppose 9*o = -b + 8173. What is the tens digit of o?
4
Let s(q) = q**3 + 10*q**2 + 4*q - 12. Let b = -50 + 41. What is the tens digit of s(b)?
3
Suppose 2*q = -2*v + 34, -q - 3*q + 5*v = -77. Suppose q*j - 13910 + 2894 = 0. What is the hundreds digit of j?
6
Suppose a - m = -661, 3*a - 2*m + 43 + 1935 = 0. Let n = 1198 + a. What is the units digit of n?
2
Let a(k) = 214*k**2 - 3*k + 4. Suppose -4 = 4*m - 4*j, 0 = 4*m + 5*j - 16 + 2. What is the units digit of a(m)?
5
Suppose 3*b + 24*b + 6*b = 372867. What is the tens digit of b?
9
Let n = 580 - 280. Let s = 394 + n. What is the units digit of s?
4
What is the hundreds digit of ((-44700)/(-250))/((-4)/(-1270))?
7
Suppose -7*k - n = -6*k - 112, -4*k + 3*n + 427 = 0. Suppose -8*f = -3043 - k. What is the tens digit of f?
9
What is the thousands digit of (-61376 + -2)*6/(-12)?
0
Let m(j) = -2*j**2 - 27*j + 19. Let x be m(-13). Let h = 77 - x. Suppose -140 = -47*i + h*i. What is the tens digit of i?
7
Let n(i) = -2*i**2 - 7*i + 18. Let j be n(-5). Suppose -2*z + 0*g = 4*g - 522, 775 = j*z + 2*g. What is the hundreds digit of z?
2
Let d = 430 - 434. What is the hundreds digit of (-6 + 5)/(d/788)?
1
Suppose 0 = -j - 4*j + 90. Let k be 1459/1*(5 + -4) + 5. Suppose 6*f + k = j*f. What is the hundreds digit of f?
1
Let k be (-24)/180 + (-11854)/(-30). Let o = k - 329. What is the tens digit of o?
6
What is the thousands digit of (-20)/((-80)/12)*8415?
5
Suppose 110 = -0*h - 5*h + b, -4*h - 4*b = 88. Let i = 160 + h. What is the hundreds digit of i?
1
Let d(k) = 80*k**2 + 4*k + 28. Let u(x) = x**2 - 9*x + 15. Let t be u(6). What is the hundreds digit of d(t)?
7
Suppose -99*y + 104*y = w + 11393, -11414 = -5*y - 2*w. What is the thousands digit of y?
2
What is the units digit of (-153 + 156)/(6/135502 + 0)?
1
Let k = -1 + 1. Suppose -97110 = -37*v - 46*v. Suppose k = -7*j - 3*j + v. What is the units digit of j?
7
What is the thousands digit of 5*9950/4 - (-25)/50?
2
Let j = -107175 - -153136. What is the ten thousands digit of j?
4
What is the hundreds digit of (0 - (22/88)/((-6)/16))*1146?
7
Let u = 251 - 246. Suppose 0 = -41*l + 39*l - q + 1793, -4505 = -u*l + 5*q. What is the units digit of l?
8
Let k(d) = 6*d**2 + 39*d + 2199. What is the tens digit of k(84)?
1
Let q(i) = 450*i - 24. Let m(o) = -90*o + 5. Let p(u) = 11*m(u) + 2*q(u). Let f be p(-5). Suppose -10*l + f = -123. What is the units digit of l?
8
Let l = 156761 - 100138. What is the thousands digit of l?
6
Suppose -5*r - 2*n - 2 = 2*n, 3*n = 4*r - 17. Suppose -50 = -5*t - b + 3*b, -r*b - 14 = -2*t. What is the tens digit of ((-20)/((-12)/3))/(1/t)?
6
What is the tens digit of 3 + 6080/22 + 7/((-693)/36)?
7
What is the tens digit of (62408/(-14))/((-107)/749)?
0
Let h(n) be the first derivative of -n**4/4 - n**2/2 + 12. Let s(u) = 5*u**3 - 6*u**2 + 10*u. Let q(d) = 6*h(d) + s(d). What is the units digit of q(-7)?
1
Let h(k) be the first derivative of -54*k**2 + 4*k - 9. Let a be h(-1). Suppose -a = 3*m - 7*m. What is the units digit of m?
8
Let w be 5 + (0 - -2)*(-194 + -3). Let o = w - -916. What is the tens digit of o?
2
Let n be -22 + 26 + (42 - (1 + 1)). What is the units digit of (-95)/(-20)*(n + -4)?
0
Suppose y + 22 = 4*w - 30, 4*w + 5*y = 76. Suppose w + 1 = 5*g. Suppose -4*p + 18 = 2*n - g*p, -4*p = -3*n + 49. What is the units digit of n?
1
Let f = -2969 + 2849. Suppose 0 = -3*w + 4*w + 105. What is the units digit of 241/(w/f - (-1)/8)?
1
Let s(a) be the first derivative of a**2/2 + 34*a - 3. Let z(x) = -8*x + 8. Let f be z(2). What is the tens digit of s(f)?
2
Let p(v) = 29*v**3 - 3*v**2 + 8*v - 3. Let g(y) = y - 27. Let s be g(30). What is the hundr